005 = -21*j + 104*j. List the prime factors of j.
5, 347
Suppose 9486 = 2*d - 5*h, -d = -4*h - 4745 + 5. What are the prime factors of d?
2, 1187
Let q = 27 - 6. Let l be 52/5 - q/(-35). Suppose -3*z + 164 - l = 0. List the prime factors of z.
3, 17
Suppose 10*z + 10042 = 4*n + 5*z, 0 = n - 3*z - 2507. List the prime factors of n.
7, 359
Let x(o) = -7*o - 9. Let b(g) = g. Let u(w) = 2*b(w) - x(w). List the prime factors of u(6).
3, 7
Let g(w) be the first derivative of 19*w - 1/2*w**2 + 5. What are the prime factors of g(-8)?
3
Suppose -2*g + 7882 - 2054 = -5*v, 2917 = g - 4*v. What are the prime factors of g?
2909
Let o(k) = 2*k**2 - 3*k + 1. Let s be o(2). Suppose s*y = 2*l - 144, 2*y + y = -6. What are the prime factors of l?
3, 23
Let t(b) = b**2 - 6*b + 10. Suppose 4*w = 4*q + 8, -q = 3*w - 0*q - 26. List the prime factors of t(w).
17
Let x be (-24)/(-10) + (-26)/65. Let a(o) = 5*o + x - 4*o + 0*o. List the prime factors of a(14).
2
Let v(q) = q**2 + 5. Let h(r) be the second derivative of -r**4/12 + 5*r**3/2 - 5*r**2 + 2*r. Let a be h(14). What are the prime factors of v(a)?
3, 7
Suppose -2*c = 5*l + 3*c - 145, 12 = 3*c. Suppose 245 = -l*g + 30*g. List the prime factors of g.
7
Let m = 37 - 25. What are the prime factors of (-8)/m + (-492)/(-9)?
2, 3
Let c be 2/(-6)*(-3)/1. Let b be c/((-6)/20)*-12. Let u = b - 15. What are the prime factors of u?
5
Let s be -4*(-5)/(-25) + (-28)/(-10). Suppose 2*y = -3*t - s*t + 302, 3*y - 5*t = 478. List the prime factors of y.
2, 3, 13
Let y(h) be the second derivative of h**4/6 - 2*h**3/3 + 6*h**2 + 8*h. What are the prime factors of y(6)?
2, 3, 5
Suppose t = -t - 3*h - 27, 5 = -h. Let q = t + 14. Suppose -q = -u + 16. What are the prime factors of u?
2, 3
Let o(i) = 56*i + 3. Let x be o(1). Suppose 5*l = 6*l - x. What are the prime factors of l?
59
Let f be -9 + (0 - -2) + 0. Let i = 7 + f. What are the prime factors of i/(-2) - (-2 - 2)?
2
Let f(u) = u**3 - 3*u**2 + 5*u - 6. Let q be f(4). Suppose 4*o = -o - q. What are the prime factors of 2*3/(o/(-23))?
23
Let i(w) = 2*w**3 + w**2 - w + 352. What are the prime factors of i(0)?
2, 11
Let l = -428 - -714. List the prime factors of l.
2, 11, 13
Suppose -7*y = -8*y + 4*j - 35, -190 = 3*y + 5*j. Suppose 2*c = 7*c + 2*t + 142, -18 = c + 3*t. Let g = c - y. List the prime factors of g.
5
Suppose 5*u + 2*v = -9, -4*u - 3 = 6*v - 3*v. Let i(o) = o + 7. Let f be i(u). Suppose -56 = -3*z - s, f*z + 3*s - 79 = 6*s. List the prime factors of z.
19
Let t(f) = 7*f - 20 + 17 + 11 + 2*f**2. What are the prime factors of t(-8)?
2, 5
Suppose 3*h - 5*i - 768 = -6*i, -h = 5*i - 242. What are the prime factors of h?
257
Let p(u) = u**3 - 3*u**2 + 4*u - 2. Let l = -2 - -14. Suppose -4*g + 11 = -3*q - 10, 5*g + q - l = 0. What are the prime factors of p(g)?
2, 5
Let g be 68 + -3 + 4 + 0. Let b = 13 + g. Let s = -22 + b. List the prime factors of s.
2, 3, 5
Suppose -h = -3*m + 14, 4*m - 12 = 2*m - 2*h. Suppose -4*c - t = -4, 3 = m*c + t - 3. Suppose n - 1 = 0, c*n + 14 = 2*q - 0*n. List the prime factors of q.
2
Let x = -241 - -931. List the prime factors of x.
2, 3, 5, 23
What are the prime factors of (8 - 300/36)*-3*401?
401
Let y = -1347 - -2907. What are the prime factors of y?
2, 3, 5, 13
Suppose h - 1552 = -38*d + 34*d, -d + 2*h + 397 = 0. List the prime factors of d.
389
Suppose 5*s - 8797 = 4243. List the prime factors of s.
2, 163
Suppose 0 = 3*y - 2*y. Suppose 3*o - 2*i - 101 = y, 0 = -4*o + i + 37 + 96. Let w = o - 18. List the prime factors of w.
3, 5
Suppose 4*i - b = 798, 5*i - 2*b + 195 = 6*i. List the prime factors of i.
199
Suppose 208 = 2*r + 2*n, 3*n + 57 = r - 59. What are the prime factors of r?
107
Let y be (-222)/(-48) + (-9)/(-24). Suppose -q + 2*s + 49 = 0, 0 = -3*q + y*s + 53 + 89. List the prime factors of q.
3, 13
Let z = -2 + 111. What are the prime factors of z?
109
List the prime factors of (-1 - 3/(-5)) + 6308/20.
3, 5, 7
Let s = 1303 + -1165. List the prime factors of s.
2, 3, 23
Let f(u) = 5*u**2 + 2*u - 2. Let q be f(3). Suppose 4*j - 1261 = -q. List the prime factors of j.
3, 101
Suppose 0 = 3*l - 3*a - 5814, 27*a - 24*a + 9700 = 5*l. List the prime factors of l.
29, 67
Suppose 3*m - 101 = s, s + 2 = -0. Let u = 4 + m. What are the prime factors of u?
37
Let w(l) be the first derivative of l**3/3 - 7*l**2/2 + 10*l + 4. Let b be w(6). Suppose 3*h - t = 103, h - 4*t + 128 = b*h. List the prime factors of h.
2, 3
Let w(y) = -3*y - 21. Let q be w(-6). What are the prime factors of -4 + (-2018)/(-10) + q/(-15)?
2, 3, 11
Suppose -540 = -2*z - 4*k, -225*z - 2*k - 1386 = -230*z. What are the prime factors of z?
2, 3, 23
Let t = -1361 + 2093. What are the prime factors of t?
2, 3, 61
Let s(j) = -162*j - 364. List the prime factors of s(-9).
2, 547
Let q be (-790)/(-70) - 4/14. Suppose q*a - 14 = 4*a. List the prime factors of a.
2
Let g(w) = w - 1. Let t(u) = -u**2 - 3*u + 14. Let c(i) = -g(i) - t(i). List the prime factors of c(14).
211
Suppose -20*j + 23*j = 2199. List the prime factors of j.
733
Suppose -8*g = -0*g - 3544. What are the prime factors of g?
443
Let a = 19 + -17. Suppose 47 = -a*v + 181. Let x = v + -39. What are the prime factors of x?
2, 7
Suppose 2963 = 3*z + 2*u, 0 = z + u + 3*u - 991. List the prime factors of z.
3, 7, 47
List the prime factors of (-2 - -4 - -2)*(-46600)/(-160).
5, 233
Suppose -7*n = -4*n - 36. Suppose -n = -r + 235. What are the prime factors of r?
13, 19
Suppose -4*p + 264 = -0*p. Suppose -220 = -2*b - p. List the prime factors of b.
7, 11
Suppose -5*w = t - 55, -w - 16 = -4*w - 4*t. Suppose 0 = -s + 3*k + 4, 5*s = 2*k + w + 21. Let j = 67 + s. What are the prime factors of j?
2, 37
Let t be (-5 + -7)*(-3)/6. Suppose t*l + 0 = 6. List the prime factors of (-7 + 8)/(l/62).
2, 31
Let n(w) = w**2 - 3*w + 13. Let k be n(9). Suppose -4*d = 8, -2*d - 79 = 5*p - 0*d. Let l = p + k. What are the prime factors of l?
2, 13
Suppose 20*s = 16*s + 1540. List the prime factors of s.
5, 7, 11
Suppose -5*f = 13*f - 18900. List the prime factors of f.
2, 3, 5, 7
Let w be ((-3)/6)/(2/(-8)). Let t(u) = -u + 3*u + 14*u**3 - 17*u**2 - 1 + 15*u**w + 23*u**3. What are the prime factors of t(1)?
2, 3
Let z be (4/1)/(-1 + 3). Suppose 0 = 4*j - 12, -z*d + 16 + 15 = 3*j. What are the prime factors of 1 + -5 + 3 + d?
2, 5
Let h(g) = -38 - 16 - 40*g - 3*g**2 + 9 + 2*g**2. What are the prime factors of h(-15)?
2, 3, 5, 11
Let u(m) be the first derivative of m**3/3 - 3*m**2 + m - 4. Let l be u(7). Let h = 39 - l. List the prime factors of h.
31
Let w(j) = 11*j**3 - 2*j**2 - 5*j + 4. Let y(m) = -34*m**3 + 6*m**2 + 16*m - 12. Let o(t) = 7*w(t) + 2*y(t). What are the prime factors of o(1)?
2
Suppose -4*h + 3 = 3*b, -3*h + 2*h = 4*b + 9. Suppose 0 = 5*l - 8*l + 9, 0 = -4*g + h*l + 663. List the prime factors of g.
2, 3, 7
Let r be ((-36)/(-24))/(6/28). Let t(c) = -c**2 + 6*c - 12. Let o be t(r). Let p = -6 - o. What are the prime factors of p?
13
Let a(b) = 3*b**2 + 14*b. What are the prime factors of a(-11)?
11, 19
Suppose 0 = -3*p + 995 - 173. List the prime factors of p.
2, 137
What are the prime factors of (11 + -9)/((-8)/(-4276))?
1069
Suppose -4*a + 18 = -19*b + 20*b, -3*a = -6. What are the prime factors of ((-344)/(-24))/(b/(-6) - -2)?
43
Let z(j) be the second derivative of 0 + 5*j + 1/2*j**2 - 1/2*j**3. What are the prime factors of z(-3)?
2, 5
Let k(u) = 128*u**2 - 3*u - 10. Let a(d) = 85*d**2 - 2*d - 7. Suppose 0 = -5*o + 2*o + 15. Let h(r) = o*k(r) - 7*a(r). List the prime factors of h(1).
43
Suppose 25 = -5*l - 4*g, 2*l - 22 = 4*l + 4*g. List the prime factors of (-834)/(-24) - l/4.
5, 7
Suppose -43*h + 1818 = -37*h. List the prime factors of h.
3, 101
Let w = 510 + -133. Let n = -169 + w. What are the prime factors of n?
2, 13
List the prime factors of 7847/10 + (-12)/(-40).
5, 157
Let r(b) = 34*b - 42. What are the prime factors of r(6)?
2, 3
Let o = 272 - 518. Let n = 511 + o. List the prime factors of n.
5, 53
Let b(i) be the second derivative of -i**5/20 + i**4 - i**3/3 - 7*i**2/2 - 17*i. What are the prime factors of b(11)?
2, 23
Suppose 0 = -0*g - g. Let x be (1 - g)*(24 + 4). Suppose -6*j + 86 = -2*j + 2*m, 2*j + 4*m - x = 0. What are the prime factors of j?
2, 3
Suppose 0 = -31*g + 69882 - 15787. List the prime